 be a(4). Suppose 403 = 5*w - u. What is the remainder when w is divided by 29?
20
Let b = 23 + -15. Suppose 15*c - 10*c = 20. Calculate the remainder when 76/7 - b/(-56) is divided by c.
3
Calculate the remainder when 397 is divided by (1320/(-10) - 2)*(-2)/4.
62
Let c(y) = -2*y - 17. Let f be c(-7). Let s = f + 12. What is the remainder when s is divided by 19/4 + (-16)/(-64)?
4
Suppose 3*c - 603 = -87. Calculate the remainder when c is divided by 58.
56
Let z be 3 - -6*(-2)/(-4). Suppose -o - 110 = -z*o. Let b = -16 + o. Calculate the remainder when 17 is divided by b.
5
Let q = -124 - -203. Suppose -2*c + 6*c = -2*o - 122, 4*o = -3*c - q. Calculate the remainder when (c/12)/((-4)/32) is divided by 8.
6
Calculate the remainder when 107 is divided by 1402/38 + 82/779.
33
Let a(s) = 1 - 3*s + 7*s - 3*s + 0. Calculate the remainder when (-124)/(-6) + (-6)/9 is divided by a(10).
9
Suppose -m + 2*t = -2*t - 345, -10 = 5*t. Calculate the remainder when m is divided by 17.
14
Suppose 0 = 5*w + 4*c + 98 - 722, 3*w = 4*c + 368. Calculate the remainder when 863 is divided by w.
119
Let i = -22 + 40. Suppose -4*b + 2*l = -16, 0 = b - l - l - 7. Suppose -b*p = -4*k - 148, 0*p = 2*p + k - 106. Calculate the remainder when p is divided by i.
16
Calculate the remainder when 180 is divided by ((-3948)/423)/(4/(-9)).
12
Let q = -83 + 40. Let t = q + 52. What is the remainder when t is divided by 2?
1
What is the remainder when 14560/143 + (-2)/(-11) is divided by 15?
12
Let w = 10 - 0. Calculate the remainder when 45 is divided by w.
5
What is the remainder when 124 is divided by 358/10 - 60/75?
19
Suppose -a - 6*a = -126. Suppose -4*w - w + 2*s = -21, -a = -3*w + 3*s. What is the remainder when 8 is divided by w?
2
Let a = 189 - 59. Let p = -106 + a. What is the remainder when 143 is divided by p?
23
Suppose 21 = 3*p - 2*c, -2*c = c. Suppose -3*i - 6 = -k, -3*i + 0*i + 54 = 3*k. What is the remainder when k is divided by (4/(-10))/(p/(-105))?
3
Let x = -50 + 50. Suppose x = -4*j + 17 + 31. What is the remainder when 58 is divided by j?
10
Suppose 120 + 40 = 20*f. What is the remainder when 70 is divided by f?
6
Suppose 0*l - 5*v + 344 = 2*l, 5*l - 883 = -v. What is the remainder when l is divided by 14?
9
Suppose -43*d - 675 = -48*d. Let i = 182 - d. What is the remainder when i is divided by 13?
8
Suppose -87 = 4*m - 3*m. What is the remainder when 24 is divided by ((-6)/(-4))/(m/(-290))?
4
Let w = 25 + -45. Let c = -285 + 343. Let d = w + c. Calculate the remainder when d is divided by 10.
8
Let n = -381 - -429. What is the remainder when 157 is divided by n?
13
Let k = 0 + -1. Let y = -557 + 561. Calculate the remainder when 0*k/(-4) + y is divided by 2.
0
Let m(d) = 3*d**2 + d - 4. Let f be m(2). Let t(i) = 9*i - 17. What is the remainder when t(f) is divided by 19?
16
Let m = 4 + 10. Let n(g) = 2*g**2 - 1. Let t(a) = 10*a**2 - a - 10. Let f(l) = 6*n(l) - t(l). Calculate the remainder when f(6) is divided by m.
12
Let z(t) = 19*t + 1. Let o be z(1). Let f be (1 - 0)/(1/o). What is the remainder when (-90)/(-8) - 5/f is divided by 7?
4
Suppose -18 - 22 = 4*j. Let g = 8 - j. What is the remainder when g is divided by (-30)/(-4)*2/3?
3
Let i(m) = -2*m**3 + 3*m**3 - 15 - 10 - 5*m - 6 + 12*m**2. What is the remainder when i(-12) is divided by 12?
5
Let l = 1144 + -1100. Calculate the remainder when l is divided by 31.
13
Let o = 167 + -115. Let w = o + -34. Calculate the remainder when 70 is divided by w.
16
Let r = 6 - -9. Let s = -9 + r. Calculate the remainder when s/(-2) - (-57 + -1) is divided by 28.
27
Suppose 8*n - 2*n = 2*n. Suppose n*f = -4*h - 3*f + 48, -2*h + 50 = -5*f. Calculate the remainder when 29 is divided by h.
14
Suppose 5*r - 3 = 4*r. Suppose i + r*g = 34, 4*i = 6*i - 2*g - 36. Suppose -u - 10 = 4*u, -k - 2*u = -i. Calculate the remainder when k is divided by 9.
8
Let i(o) = -6*o - 11. Let p = 25 + -4. Suppose 0 = 4*w + 2*u + 17 + p, -4*w - 26 = -2*u. What is the remainder when i(w) is divided by 13?
11
Let n be 1*-3 + (-180)/(-3) + -1. Suppose k = -3*k + 4*x + 176, -n = -k + 4*x. What is the remainder when 158 is divided by k?
38
Suppose -6*z + 1036 = 8*z. Calculate the remainder when z is divided by 16.
10
Suppose -17*f + 21*f = 4*c + 24, 5*c = -f + 18. Calculate the remainder when 45 is divided by f.
5
Suppose -5*r + 330 = 5*j, r - 2*j - 203 = -2*r. Calculate the remainder when 191 is divided by r.
57
What is the remainder when (-68)/6*(-45)/6 is divided by 32 + (-12)/6 + -1 + 0?
27
Let d = 988 + -708. What is the remainder when d is divided by 128?
24
Let b = 90 + -32. Let a = -36 + b. What is the remainder when a is divided by 12?
10
Suppose -3*j + 135 + 28 = 4*f, 5*f - 195 = 5*j. Calculate the remainder when f is divided by 21.
19
Let p(k) = k**3 + k**2 - 4*k + 2. Let b be p(3). Let u = b - 21. Suppose u*h + c = -c + 130, -4*h = -5*c - 104. What is the remainder when h is divided by 14?
12
Let f(b) = b + 12. Let o be f(-8). Suppose -4*l + 64 = -o*j, 0 = 3*l + j - 3*j - 46. Let a = 25 - l. Calculate the remainder when a is divided by 6.
5
What is the remainder when ((-22)/(-7))/((-18)/(-126)) is divided by 8?
6
Suppose -305 + 49 = 4*t. Let j(m) = m**3 - 4*m**2 + 3*m + 3. What is the remainder when j(3) is divided by (-80)/t - (-2)/(-8)*1?
0
Let p(r) = -r**3 - 17*r**2 + 59*r + 7. Calculate the remainder when 373 is divided by p(-20).
22
Suppose -15*c = -11*c + 5*y - 783, 3*c - y = 611. What is the remainder when c is divided by 29?
28
Let q = 54 + -36. Suppose 553 = -5*w - 3*h, 4*w + 2*h + 520 - 78 = 0. Let n = w - -197. What is the remainder when n is divided by q?
15
Let u(c) = 6*c**2 + 5*c + 5. Let n = 0 - 4. Let g(h) = -h**2 - 18*h + 40. Calculate the remainder when u(n) is divided by g(-19).
18
What is the remainder when 18/(-54)*(-44 + -1) is divided by 6?
3
Suppose 5*s = -5*o + 80, 5*o - 5*s - 64 = o. What is the remainder when 344 is divided by o?
8
Suppose 0*s - s - 6 = -5*p, 2*p - s = 3. Calculate the remainder when 2 is divided by p.
0
Let t = -26 - -37. Let i = 3 + t. Let m = 96 + -57. Calculate the remainder when m is divided by i.
11
Let n(t) = t**3 - 9*t**2 + 37*t - 216. Calculate the remainder when 71 is divided by n(8).
7
Suppose 2*k = 5*k - 186. Suppose 4*r - 71 = r - p, 0 = 2*r - 3*p - k. Calculate the remainder when r is divided by 7.
4
Suppose -7*n = -10*n + 30. Suppose 7*t = n*t + 27. Let c = 34 - t. Calculate the remainder when c is divided by 11.
10
Let u = -913 + 2565. Calculate the remainder when u is divided by 87.
86
Let d = 20 + -17. Suppose 0 = 2*g - 10, d*g - 50 = -h + g. Suppose -2*x - x - 5 = -4*i, -5*i + h = 3*x. What is the remainder when 19 is divided by x?
4
Let r(m) = -m**2 - 7*m + 2. Let o be r(-7). Suppose 3*h + 58 = o*q, -26 = 2*h - h - 4*q. Let i = h - -30. What is the remainder when 33 is divided by i?
9
Let s = 182 + -106. What is the remainder when s is divided by 21?
13
Calculate the remainder when (52 - -366)*(-1)/(-2) is divided by 30.
29
Let x(l) = 3*l - 4. Let s be x(5). Let h be 0/(-1) + -7 + s. Suppose -3*i + 0*i + d = -59, -16 = -h*d. Calculate the remainder when 60 is divided by i.
18
Suppose -3*k + 3*c + 7 = -59, -2*c = -k + 21. Suppose t = 2*t + 2*t. Let h(o) = -2*o**2 - o + 4. Calculate the remainder when k is divided by h(t).
3
Let g be (6/4)/((-6)/(-40)). Suppose 4*x - 320 = -0*x. Suppose -g*u + 5*u + x = 0. What is the remainder when 30 is divided by u?
14
Let t(n) = n**2 + 290. Let s be t(0). Calculate the remainder when s/16 + (-15)/120 is divided by 5.
3
Suppose -5*g = -5*a + 530, -3*a + 307 + 7 = -5*g. Calculate the remainder when a is divided by 32.
12
Suppose 4*j - 4*y - 20 = 0, 4*j + 4*y = -y + 11. Let f be 209/j + 1/(-4). Suppose x + 5*p = f - 2, 5*p - 25 = 0. What is the remainder when 49 is divided by x?
24
Let u(n) = 95*n**3 + 2*n**2 + n - 4. What is the remainder when 374 is divided by u(1)?
92
Let z(m) = -m + 1. Let o(d) be the third derivative of d**4/24 + 8*d**3/3 + 11*d**2. Calculate the remainder when o(-8) is divided by z(-1).
0
Let l(q) = q. Let c be l(0). Calculate the remainder when 13 is divided by (-2)/(4/(-14)) - c.
6
Let h(j) = -8*j - 136. What is the remainder when h(-25) is divided by 33?
31
Let w(f) be the third derivative of -f**6/120 + f**5